+ 13. Let v be (-3*1)/(b/(-24)). What is the greatest common divisor of 9 and v?
9
Let x(n) = -69*n + 9. Let u be x(-3). What is the highest common factor of u and 36?
36
Let n = 250 + -63. Suppose -c = c + 34. Let o be (-8)/4*c/2. What is the highest common divisor of o and n?
17
Suppose 3*v + 0 - 2 = g, 5*g + 3*v - 80 = 0. What is the highest common factor of g and 39?
13
Suppose 79 - 27 = 4*y - 4*u, 5*u + 20 = 0. Suppose 5 + 10 = 5*w. Suppose w + y = c. What is the highest common divisor of 48 and c?
12
Let q = 60 - 51. Calculate the highest common divisor of 45 and q.
9
Let a be (-93)/(-9) + 16/24. Calculate the highest common factor of a and 1.
1
Suppose -2*j + 72 = 3*v, 3*v - 2*j - 72 = -3*j. Let f(m) = m**2 + 6*m - 4. Let g be f(4). What is the greatest common divisor of g and v?
12
Suppose -x - 3*x = -84. Calculate the highest common divisor of x and 7.
7
Let l(g) be the second derivative of g**4/3 + g**3/2 + 8*g. Let x be l(-2). Calculate the highest common factor of 70 and x.
10
Suppose -t - 2*t - 3*r = -636, -3*t + 664 = -4*r. Suppose -3*k - k = -t. Calculate the greatest common factor of 6 and k.
6
Suppose 2*y = -s + 36, -s + 44 = s - 3*y. What is the highest common divisor of 112 and s?
28
Suppose 2*q - 160 = -4*k, -4*q + q = 3*k - 114. Calculate the highest common factor of k and 6.
6
Let w be ((-276)/230)/((-31)/30 + 1). What is the highest common divisor of w and 108?
36
Suppose -7*l + 16 + 369 = 0. Calculate the highest common divisor of l and 22.
11
Let o be (85/(-68))/((-2)/8). Calculate the highest common divisor of 10 and o.
5
Let j(u) = -2*u**3 + 11*u**2 + 6*u + 3. Let y be j(6). Calculate the greatest common divisor of y and 3.
3
Suppose 5*t - 5*r + 24 = 99, -2*r - 46 = -3*t. Let x be 450/4 - 1/2. Calculate the highest common factor of x and t.
16
Suppose -6 = 3*t + 3*v, -2*t - 5*v + 2 = 21. Suppose -5*b - 211 + 688 = t*r, -r = -3*b + 289. Calculate the greatest common factor of b and 12.
12
Let a = -5 + 6. Let p(u) = 18*u**2 + 1. Let t be p(a). Let b be 0 + (2 + -3)*-209. What is the highest common divisor of t and b?
19
Let r be (-3)/12 - 8/((-64)/250). What is the greatest common divisor of r and 31?
31
Let c(s) = -2*s**2 + 15*s - 1. Let b be c(7). Calculate the greatest common divisor of b and 48.
6
Let b(y) = 17*y**2. Let k be b(-1). Suppose 5*h - 8 = k, 5*h - 67 = 2*s. Let p be (s - -1)*-1 + -2. Calculate the highest common divisor of p and 36.
18
Suppose 72 = -6*x + 10*x. Calculate the greatest common factor of 54 and x.
18
Suppose o - 4*w = 19, 0 = 2*o - 5*w - 0*w - 32. Calculate the greatest common factor of o and 33.
11
Suppose 56 = l + x, 6*l - 2*l - 4*x - 208 = 0. Suppose 0 = 4*o + 4*j - 12, -7 = -o + j + 2. What is the highest common divisor of l and o?
6
Let a(m) be the second derivative of -m**5/10 - m**4/12 - m**3/3 + 2*m. Let i be a(-2). What is the highest common factor of 8 and i?
8
Let h(n) = 69*n**3 + 5*n - 5. Let x(c) = -172*c**3 - 12*c + 12. Let q(w) = 12*h(w) + 5*x(w). Let f be q(-1). Calculate the greatest common factor of f and 16.
16
Suppose -5*r - t = -170, 7*r - 2*r = -4*t + 185. Let v = 23 + -22. Let j = 10 + v. Calculate the highest common divisor of r and j.
11
Let w(v) = -2*v. Let p be w(-2). Let x = 12 - p. What is the highest common divisor of 32 and x?
8
Let z(a) = 2*a - 4. Let c be z(9). Let w be (2/(-4))/((-1)/(-136)). Let j = 110 + w. What is the highest common divisor of c and j?
14
Let y = 4 + -1. Let i(d) = d**3 + d**2 - 3*d + 3. Let q be i(y). Suppose l - 2*l = -q. What is the greatest common factor of 12 and l?
6
Let z(g) = -5*g**3 + g**2 - g - 1. Let q be z(-1). Let k = -46 - -76. What is the highest common divisor of q and k?
6
Suppose -3*c = 3*i + 24, -5*c + 4*i - 11 = 2. Let z be (3 + c)/1 + 3. Suppose u - 13 = -z. Calculate the greatest common divisor of u and 3.
3
Suppose 0 = -4*z, 77 - 25 = 4*g - 3*z. What is the highest common factor of g and 117?
13
Suppose 4*z + 12 = 4*t, -5*t - 19 = -9*t - 3*z. Let h be 4/10 - (-26)/10. Suppose 7*f = h*f, -c = -t*f - 6. Calculate the greatest common factor of c and 48.
6
Suppose 4*w - 56 = -3*b + 10, -2*b + 51 = 5*w. What is the highest common divisor of b and 6?
6
Let w be (-9788)/20 + (-4)/(-10). Let k be w/(-33) + 4/22. Calculate the highest common divisor of 5 and k.
5
Suppose -4*b + 3*b = -32. Suppose -5*a - 3*j + b = 0, -2*j - 15 = -2*a - j. Let w be ((-112)/10)/(2/(-10)). What is the highest common divisor of w and a?
7
Let g = -669 - -685. Let h = -1 + 3. Calculate the greatest common divisor of h and g.
2
Suppose -3*s + 57 + 137 = -2*n, 0 = -3*n + 15. What is the highest common divisor of 748 and s?
68
Suppose -4*c + 40 = -2*c + k, -k = 0. Let u = c - -44. Calculate the greatest common divisor of 8 and u.
8
Let z(v) = v**2 + 15*v - 20. Suppose 4*c + 0*c = -68. Let y be z(c). Calculate the greatest common factor of y and 126.
14
Suppose 2*b + 3 = 23. Let v = -2 - -6. Calculate the greatest common divisor of b and v.
2
Suppose z - 17 = -3. Suppose n + 15 + 36 = -2*m, 0 = -4*m - 16. Let i = n - -71. What is the greatest common factor of z and i?
14
Let t = 19 - 15. What is the highest common divisor of 4 and t?
4
Let q = 231 - 153. Let l be (5/15)/(1/q). What is the highest common divisor of 182 and l?
26
Let u = -1 + 6. What is the greatest common divisor of 2 and u?
1
Suppose 0 = 2*p + 2*s + 6, 3 = -p + 3*s. Let c be (-3)/(-1) - 1*p. What is the highest common factor of 15 and c?
3
Let s(c) = -c**2 - 10*c - 1. Let j be s(-8). Let y = 3 - -3. Calculate the greatest common factor of y and j.
3
Let i(m) = 16*m - 6. Let w be 3/(-2)*16/(-6). Suppose -2*n + 16 = w. Let h be i(n). What is the greatest common divisor of h and 36?
18
Let o = -279 - -455. Let a = 40 + -24. What is the highest common factor of o and a?
16
Let y = 25 + -12. Calculate the highest common factor of y and 91.
13
Suppose -12*o + 9*o + 12 = 0. Let x(a) = -5*a**3 + 2*a**2 + 2*a. Let d be x(-2). Calculate the greatest common factor of o and d.
4
Let z(c) = c**2 - 8*c + 17. Let y be z(7). What is the highest common divisor of 5 and y?
5
Suppose 0 = 2*g + 4*p + 6, -3*g + 4*p + 24 = -p. What is the highest common factor of 33 and g?
3
Let o = -33 - -42. What is the highest common factor of o and 72?
9
Suppose 2*j = 169 + 31. Suppose 8 = -c - c, -4*f = 2*c - j. What is the highest common factor of 243 and f?
27
Suppose c - 4*d = -c, -4*d - 8 = 2*c. Let o be -1*(c + -40)/2. Let f be 3/(3 + -1 + -1). Calculate the greatest common divisor of o and f.
3
Suppose 3*m + 28 = 5*m. Let w(q) = 6*q**2 + q - 1. Let s be w(-2). Calculate the highest common divisor of m and s.
7
Let q be ((-9)/(-12) - -3)*16. What is the highest common divisor of 20 and q?
20
Suppose -2*o = 2*n + 3*o + 9, -n - 9 = 4*o. Suppose 40 - 145 = -n*l. Suppose 25 = 5*r - 10. What is the highest common factor of l and r?
7
Let x(y) = y**2 + 3*y - 1. Let l be x(3). Let h = l + -11. Calculate the greatest common factor of 6 and h.
6
Let d(y) be the third derivative of -y**5/60 - y**4/2 + 4*y**3/3 + 3*y**2. Let a be d(-12). What is the highest common divisor of 2 and a?
2
Let j = -77 - -165. Calculate the highest common factor of j and 8.
8
Let z be (24/(-20))/(3/(-40)). Suppose -5*q + 10 = 3*o - 2*o, -3*q = -3*o - 6. Calculate the highest common divisor of q and z.
2
Suppose 4*i - 3*i = 0. Suppose i = j - 11 - 2. Calculate the greatest common factor of j and 91.
13
Suppose -18 = -5*u - 3*b, -4*b - 18 = -u - b. What is the highest common factor of 66 and u?
6
Let o = 52 + -39. Calculate the highest common divisor of 91 and o.
13
Let d(a) = -a + 76. Let l be d(-17). What is the highest common divisor of l and 155?
31
Let n(d) = -d. Let p be n(1). Let v(c) = -49*c**3 - c**2 - c - 1. Let x be v(p). What is the greatest common factor of 6 and x?
6
Let w = 9 + 4. What is the greatest common factor of 65 and w?
13
Let z(p) = -p**2 - 8*p - 5. Let i be z(-7). Let y be 10*((-3)/i - -4). Calculate the highest common factor of y and 175.
25
Let r = 10 + -7. Suppose -r*c + 0*q + 13 = -q, 4*c + 5*q = 11. Suppose -3*d - 2 = 5*y, 5*d - c*y - 46 = -0*d. What is the highest common divisor of 15 and d?
3
Let w(p) = -3*p**2 + 6*p + 5. Let m(h) = -8*h**2 + 17*h + 14. Let f(k) = 4*m(k) - 11*w(k). Let x be f(-3). Calculate th